k - 15. Let s = 391 + -384. What is i(s)?
-36
Let b(w) = 5*w**3 - w**2. Let l(r) = -r + 13. Suppose 8*p - 12*p = -48. Let m be l(p). Let a be b(m). Let t(z) = -z - 1. Determine t(a).
-5
Let b(m) = -1735*m + 18 + m**2 + 3488*m - 1744*m. What is b(-4)?
-2
Let y(a) = 24*a + 1. Let i be y(2). Suppose 0 = -3*l - 4*l + i. Let g(v) = v**2 - 5*v - 3. Give g(l).
11
Let u(x) be the second derivative of 3*x**5/20 - x**4/12 - 7*x. Let t be -3 - 2*(1 + -2). Let n = 0 - t. Give u(n).
2
Suppose -4*g + 12 = 0, -3*g - g = -4*j - 12. Suppose j = 4*s - 14 + 34. Let c(z) = -z**2 - 3*z + 7. Determine c(s).
-3
Suppose -10*l = -7*l + 51. Let j(d) = d**2 + 17*d - 7. Determine j(l).
-7
Let r(c) = 13*c + 1. Suppose -j = -0 - 2. Let d be j - (4 + -3)*-2. Suppose 0 = -2*w - 2*w - d, -4 = l + 3*w. Give r(l).
-12
Let h(u) = -u**2 + 9*u - 5. Let l be h(8). Let s(i) = -i - i - 2*i + l*i - 1. Let b(x) = -x**2 + 2*x + 15. Let v be b(5). What is s(v)?
-1
Let t be 2/(1*2*-1). Let m be t/(1/10*2). Let s(d) = d**2 - d - 3. Let g(h) = 6*h**2 + 2*h - 15. Let f(n) = -g(n) + 5*s(n). Give f(m).
10
Suppose -4*s + 2*s = -12. Let n be (s/(-18))/(1/(-12)). Let z(j) = -151*j**2 - 3*j + 75*j**2 + 77*j**2 - 2. Calculate z(n).
2
Let c(y) = -y**3 - 12*y**2 + y + 14. Let f(n) = -8*n - 12. Let h be f(0). Give c(h).
2
Let o(t) = -6*t**2 + t - 2. Let a(f) = -f + 18 + 7*f**2 + 17 - 33. Let q(h) = -5*a(h) - 6*o(h). Calculate q(0).
2
Let f = -1169 - -1172. Let x(p) be the second derivative of 0 - 1/20*p**5 + f*p + 1/2*p**4 - p**3 - 3*p**2. Give x(5).
-11
Let r(w) = -w - 11 - 7 + 18. Let t(d) = d + 1. Let s(v) = -r(v) - 4*t(v). Suppose 0 = q + 3*q + 16. What is s(q)?
8
Suppose 8*g - 36 = 4*g. Let n(k) = -k + 21. Let t be n(g). Let c = t + -17. Let v(b) = b + 9. Give v(c).
4
Suppose -2*v = -0*v - 6. Let j(h) = -h**3 - 4*h**2 + 8*h - 12. Let i be j(-6). Let s(l) = -4 - l**2 + 17*l + l**3 - 3*l**2 + 0*l**v - i*l. What is s(3)?
2
Let x(z) = -6*z**2 - 5*z - 4. Let o(i) = -2*i**2 - 22*i + 21. Let c be o(-12). What is x(c)?
-43
Let j = -21 - -15. Let u = j + 7. Let o(y) = y + u + 11*y - 5*y. Calculate o(-2).
-13
Let k(d) = -14*d - 25 - d**2 - 32 + 34*d + 23. Let r be k(18). Let t(b) = 4 - 3*b + 4*b - 5 + b**2. Give t(r).
5
Let k(f) be the second derivative of 0*f**3 + 0 + 3/4*f**4 + 1/2*f**2 + 20*f. Give k(1).
10
Let q(l) = 4*l + 7. Let t(g) = -4*g - 7. Let n(p) = 3*q(p) + 2*t(p). Let s(u) = u**3 - 2*u**2 - 3*u + 1. Let r be s(2). Calculate n(r).
-13
Let z(i) be the second derivative of i**3/6 + 11*i**2/2 + 488*i. Calculate z(-12).
-1
Suppose -5*z + 32 + 28 = 0. Suppose -2*j - z + 6 = 0. Let o(k) be the third derivative of k**4/8 - 2*k**3/3 + 2*k**2. Give o(j).
-13
Let t(v) = -v**3 - 2*v**2 + 2*v - 3. Suppose 2*r + 20 = 3*m, -m + 9 = -r + 2. Suppose -4*p = -2*i + m, 3*i = -p + 4*i. Determine t(p).
0
Let q(d) = -3*d. Let m be 3 - (18/3 + 3). Let w be (-4)/(-3 - 22/m). Let z = 11 + w. Calculate q(z).
-15
Let z(p) be the second derivative of -p**3/6 + p**2/2 + p. Let c(y) = y + 2. Let i(b) = c(b) - 4*z(b). Let h = 386 + -383. Determine i(h).
13
Let n(q) be the third derivative of -q**7/2520 - q**6/720 + q**5/30 + q**4/4 - 7*q**2. Let c(a) be the second derivative of n(a). What is c(-3)?
-2
Let j(p) = -3*p + 1. Let v(z) = 9*z - 4. Let m(y) = -8*j(y) - 3*v(y). Give m(6).
-14
Let p(u) = 12*u**2 - u**3 - 72 + 0*u - 23*u**2 + 0*u - 2*u + 74. What is p(-11)?
24
Let g(s) = s**3 + 3*s**2 - 3*s + 4. Let p(x) = x + 11. Let i be p(-11). Suppose -2*l - 26 - 10 = i. Let v = -22 - l. Calculate g(v).
0
Let j(i) = -17 - 7*i + i + i - 3*i. Let a(h) = -3*h - 6. Let o(w) = 11*a(w) - 4*j(w). Give o(4).
-2
Let m(q) = -q**3 + q**2 - q. Let b(f) = 3*f**2 + 2*f + 4. Let v(a) = -b(a) - m(a). Suppose 4*j = -26 + 2. Let x be 15/45 + (-22)/j. Calculate v(x).
-8
Let f(u) be the second derivative of 13*u + 23/2*u**2 + 2 + 1/6*u**3. What is f(-11)?
12
Let f(k) = k**3 + 5*k**2 - 2*k - 5. Let t(n) = -2*n**2 - 14*n + 11. Suppose -3*b + 0 - 24 = 0. Let m be t(b). Determine f(m).
5
Let r(f) = -91*f + 276*f + 2*f**2 - 96*f - 93*f - f**2 + 1. Let s(z) = -z**3 + z**2 - 2*z - 1. Let a be s(-2). Let c be a/(-6)*24/(-15). Give r(c).
1
Let m be -3 + 0 + 5 - 0. Let b(h) = 7 - h - 3 + m. Let t(d) = -9*d - 54. Let r be t(-6). Give b(r).
6
Let a(b) = b**2 - 11*b + 14. Suppose 2 - 102 = -10*w. What is a(w)?
4
Let k be (-8 + 88/10)/(2/25). Let c(q) = -2*q + 15. What is c(k)?
-5
Suppose -20 = -2*f + 4*g, -6*f - 2*g = -4*f + 4. Let k be (-3 - 9/11) + f/(-11). Let b(r) = -r**3 - 4*r**2 + r - 2. Calculate b(k).
-6
Suppose 6*l - l = -5*c + 20, c = 4*l - 6. Let b be (-1)/((-5)/(50/c)). Let q(x) = 6*x - x**2 + 4*x - 4*x - 5 + 1. Give q(b).
1
Let b = -232 - -236. Let a(i) be the first derivative of 6*i + 5/2*i**2 - i**3 - 1/4*i**b - 7. Give a(-4).
2
Let w(m) = m**2 - 4. Let x be w(-2). Suppose 8*i - 4*i - 36 = x. Let g(f) = f**2 - 7*f - 8. What is g(i)?
10
Let p(q) = -6*q**2. Let u be p(-1). Let a(c) = 6*c + 14 - 3 + 1 - 5*c. Give a(u).
6
Let i(m) = 3*m**2 + 2. Let q(c) = -2 + 0 + c + 0*c + 0*c. Let z be q(4). Suppose -s + 2 = z*s + u, -4*s - u + 4 = 0. What is i(s)?
14
Suppose 2*f - 10 = -5*w, -5*f + 8*f + 7 = -2*w. Suppose -3*s + 15 + 3 = 0. Let p(o) = -2*o**2 + o - 3*o**2 + 4 + s*o**2 - 5*o. Calculate p(w).
4
Let h(m) be the third derivative of -m**6/10 - m**5/30 + m**3/6 - 72*m**2. Give h(-1).
11
Let l(z) be the first derivative of 2*z**3/3 + 5*z**2/2 - 2*z - 775. What is l(-2)?
-4
Let w = 900 + -903. Let t(m) = -m - 4. What is t(w)?
-1
Suppose -10*k - 21 = -3*n - 15*k, -k = -3. Let o(g) = -8*g + 12. Give o(n).
-4
Let b be (-18)/(-4) - 12/24. Let q(v) be the first derivative of -b*v**2 + 6*v**2 + 5*v - 3 - 3*v**2 + 0*v**2. Calculate q(4).
-3
Let k(q) = 4*q**2 - 4*q + 8. Let t(c) = c**2 - c + 1. Let d(s) = k(s) - 3*t(s). Let p = 1179 - 1179. Determine d(p).
5
Suppose -169*l + 159*l - 140 = 0. Let a(j) = j**2 + 12*j - 19. Calculate a(l).
9
Let h(y) = -1 + 0 - y + 4. Suppose -15 + 21 = 3*k - 3*c, 0 = k - 5*c - 22. What is h(k)?
6
Let s(t) = t**3 - 9*t**2 - 10*t + 10. Suppose -3*q + 5*y = -30, 2*q + 2*y = -2*y + 20. Calculate s(q).
10
Let j(v) be the first derivative of -3*v**2/2 + 4*v + 77. Determine j(-2).
10
Let c(j) = -3*j**2 + 20*j - 33. Let t(x) = x**2 - 7*x + 11. Let b(f) = -2*c(f) - 7*t(f). Let z = 3 + 5. Determine b(z).
-3
Let d(o) = -o - 3. Let a(c) = -c**3 + 3*c**2 + 2*c + 4. Let s(j) = j**3 + 14*j**2 + 14*j + 17. Let f be s(-13). Let x be a(f). Determine d(x).
1
Let f(l) be the first derivative of -4 + 1/4*l**4 - 2/3*l**3 + 0*l + 0*l**2 - 1/120*l**5. Let x(h) be the third derivative of f(h). Calculate x(4).
2
Let z(u) = -3*u**2 + 18*u - 12. Let r be z(5). Let o(x) = 0*x - r + 6*x - 5*x + 7. Calculate o(3).
7
Suppose -37*i + 32*i = -10. Let l(f) = f**2 + 3. Determine l(i).
7
Let b(m) = m**3 - 7*m**2 - m - 1. Let r(w) = 2*w**2 - 20*w + 1. Let j be r(10). Let n be j/(-3) + 264/36. Give b(n).
-8
Let d(v) be the third derivative of v**5/20 - 3*v**4/4 - 23*v**3/6 + 192*v**2. Calculate d(7).
-2
Let o be ((-16)/(-6))/((16/12)/(-2)). Let u(m) = -3*m - 9. Give u(o).
3
Let s(k) be the first derivative of k**4/4 - 7*k**3/3 + 11*k**2/2 - 3*k + 212. What is s(5)?
2
Let s(n) = -n - 2. Let o be s(2). Let c(k) = -21*k - 33. Let m(f) = 5*f + 8. Let w(i) = 2*c(i) + 9*m(i). Determine w(o).
-6
Let o(d) = -3*d**2 - 5*d + 2. Let f be (-9)/6*(-6 - 6 - -10). Determine o(f).
-40
Let q(f) = f**2 + 11*f + 6. Let l be 38 - (1/3)/(2/12). Let j = -46 + l. Determine q(j).
-4
Let r(d) = -d**3 - 16*d**2 + 17*d - 6. Suppose -4*a + 12*o - 11*o = 68, 4*o = 5*a + 85. What is r(a)?
-6
Let m(b) = b**2 + b - 1. Let d(r) = -5*r**2 - 8*r + 6. Let w be 2/9 + (-7)/(-9). Let g(o) = w*d(o) + 4*m(o). Give g(-5).
-3
Let m(d) = -12*d - 6. Let n(p) = 5*p - 7 + 10 + 2*p - p. Let c(o) = -4*m(o) - 9*n(o). Determine c(-2).
9
Let u(p) be the second derivative of -p**3/6 - 27*p**2/2 - 26*p - 1. Calculate u(-11).
-16
Let c(q) = -10*q + 1. Suppose 138*m + 3 = 135*m. Determine c(m).
11
Let p = -585 + 589. Let z(c) be the third derivative of 0 + 5*c**2 + 1/4*c**5 + 0*c - 1/24*c**p + 0*c**3. Give z(-1).
16
Let m(j) be the second derivative of -j**5/20 + 3*j**4/4 - 4*j**3/3 + 7*j**2/2 + j + 33. Calculate m(8).
7
Let r = -71 - -74. Let l(z) = z + 13*z**r - 2*z**3 + 6*z**3 - 2*z - 1. Give l(-1).
-17
Let f = -1/153 